v) = 3 + v**2 - 5*v**2 + v**2 + 2*v**2 - 4*v. Let c be f(-4). Suppose -39 = -c*n - 0*n. What is the greatest common factor of 117 and n?
13
Let a be 1 - (-1 - 10/(-5)). Suppose -4*n - l - 3*l + 316 = 0, a = 5*n + 3*l - 387. What is the greatest common factor of 15 and n?
15
Let z be -15 - 154/(-14) - (2 + -312). Calculate the greatest common factor of z and 1326.
102
Let n be ((-6)/(-3))/(0 - 6/(-48)). Calculate the greatest common divisor of 28 and n.
4
Suppose -6 = 40*x - 126. Calculate the highest common factor of 681 and x.
3
Let v(f) be the third derivative of f**4/24 - f**3 + 4*f**2. Let q be v(14). Suppose q = -4*u + 248. What is the highest common factor of 150 and u?
30
Let q = -96 + 75. Let i be (-240)/35*q/2. What is the highest common factor of i and 8?
8
Let t be (-24)/10*20/(-4). Let w = t - 7. Suppose -w*r + 7 = -3. What is the highest common factor of 3 and r?
1
Let m(l) = -l**2 - 29*l - 18. Let x be ((-36)/(-6))/24 - 146/8. Let u be m(x). Calculate the highest common factor of 40 and u.
20
Let u(a) = a**3 - 6*a**2 - 9*a - 8. Let m be u(8). Calculate the highest common factor of 552 and m.
24
Let o be 0 + (712 - (1 + -1)). Let x(q) = q**2 - 10*q - 20. Let i be x(6). Let a be 2/(-11) - o/i. What is the highest common factor of a and 40?
8
Let l be 4/6*(-3 - -12). Let y(b) = l - 4*b**2 + 0*b - 3*b + b**3 - 2*b**3 - 1. Let z be y(-5). Calculate the greatest common divisor of 9 and z.
9
Suppose 607*w = 605*w + 182. What is the greatest common factor of 208 and w?
13
Let p be -9 + 11 + 4 + (-772)/(-2). What is the highest common divisor of 448 and p?
56
Suppose 2*c - 3*t - 12 = 0, 6 = 3*c - 2*c - 5*t. Suppose 4*b = -2*w + 104, -3*w - 26 - 34 = -3*b. Calculate the greatest common factor of b and c.
6
Let a(f) = -2*f**2 + 134*f - 117. Let d be a(65). Calculate the greatest common factor of 220 and d.
11
Suppose 0 = -7*t + 321 - 167. Let l(z) = -111*z - 1. Let c be l(-1). Calculate the highest common factor of c and t.
22
Let t be 69/4 - 3/(-4). Let z(p) = 2*p**3 - 37*p**2 + 25*p + 9. Let q be z(t). Calculate the highest common factor of q and 15.
15
Suppose 5*k - 178 = 292. Suppose -2*c = 7*n - 8*n + 8, 20 = -n - 5*c. Suppose n = 4*w - 430 + k. Calculate the greatest common divisor of w and 12.
12
Let r = -798 + 823. What is the greatest common divisor of r and 65?
5
Let c(v) = -4*v**2 - 7*v + 9. Let f be c(-3). Let x = 155 - f. Calculate the highest common factor of 23 and x.
23
Let p = 6 - 4. Let r(u) = -u - 10. Let s be r(0). Let y be (-3 - -2)/(p/s). Calculate the greatest common factor of 5 and y.
5
Let o be (6 - (-4 - -5)) + 0. Let c = 24 - o. Suppose -595 = -c*i + 14*i. What is the highest common divisor of i and 17?
17
Let n be -5*((-3)/4 - 6/24). Suppose 5*z + 2 - 27 = 0, 2*q = n*z + 13. What is the greatest common factor of 171 and q?
19
Suppose 2*c = 160 - 94. Calculate the greatest common divisor of c and 1.
1
Let z be 58 - ((6 - (-1 + 0)) + -6). Calculate the greatest common divisor of 475 and z.
19
Let z be -1*((-3128)/306 - 2/(-9)). Calculate the greatest common factor of 45 and z.
5
Suppose 5*d + 44 = d. Let p = 23 + d. Let s be 24/(-2) + 52 - 4. What is the greatest common divisor of s and p?
12
Let r(p) = -20*p + 150. Let u be r(5). Suppose -b - 4*f + 40 = b, -20 = -4*f. What is the highest common divisor of u and b?
10
Let d = 53 + -38. Let y be (-1)/2 - 9/2. Let h = y - -8. Calculate the highest common factor of h and d.
3
Let w be (-2)/(-6)*42*1. Suppose 4*j - 34 - w = 0. Suppose -2*x + 30 = -j. Calculate the highest common divisor of x and 189.
21
Suppose -5*o - n = 100, -o = -4*o - 4*n - 43. Let q be 13/(-1) + (2 - 4 - -4). Let l = q - o. What is the highest common factor of 15 and l?
5
Suppose -8*t = 3*q - 2625, 5*t - 1011 = 5*q + 664. What is the highest common factor of t and 120?
30
Suppose 0 = -2*n + 5*q - 150, n - 247 = 4*n - 2*q. Let y = -67 - n. Calculate the greatest common divisor of y and 54.
18
Let o(j) = -15 - 24 - 3*j - 6 + 0*j. Let b be o(-29). What is the highest common divisor of 42 and b?
42
Let y(s) = s**2 - 6*s - 5. Let a be y(7). Suppose 3*k - a*f - 545 = 97, 645 = 3*k - f. What is the greatest common factor of 24 and k?
24
Let o be 3 + 36/(-12) + (120 - 0). What is the highest common factor of o and 30?
30
Suppose -6*f + f = -45. Let n be 18 + 3*(-6)/f. Suppose -112 = -0*y - 14*y. What is the greatest common divisor of n and y?
8
Let y(d) = -d**2 - 69*d - 446. Let h be y(-61). What is the highest common factor of 98 and h?
14
Let g(t) = 4*t**2 - 30*t - 14. Let v be g(14). What is the greatest common divisor of v and 560?
70
Suppose 31*k + 702 = 37*k. Calculate the greatest common divisor of 9 and k.
9
Suppose 5*w = -2*g - 2 + 31, -5*g + 35 = 5*w. Let l(o) = o**3 + 3*o**2 - 11. Let j be l(w). What is the greatest common divisor of j and 27?
27
Let s be ((-88)/(-10))/((-4)/20). Let d be (s/(-3))/((-16)/(-24)). Let o = -12 + d. What is the greatest common factor of o and 80?
10
Suppose 2*w - 10 = -2*a, -5*a + 1 = w + 4. Let p = 324 + -310. Calculate the greatest common factor of p and w.
7
Suppose 32*r + 480 = 34*r. Suppose -5*x = -r - 90. Let o(y) = 17*y - 3. Let j be o(6). What is the greatest common factor of j and x?
33
Suppose d + 3*l - 14 = 0, d - 2*d - 2*l + 11 = 0. Let r(u) = u**3 - 4*u**2 - 3*u - 4. Let h be r(d). What is the highest common divisor of 6 and h?
6
Let p = -235 + 305. Let c(s) = 4*s - 1. Let q be c(9). What is the highest common divisor of p and q?
35
Let a(k) = -k**2 - k + 5. Let b be a(0). Let n be (-2)/1 + 1 + b. Let r(u) = -u**2 + 5*u - 3. Let i be r(n). What is the highest common divisor of i and 1?
1
Let u be (-4)/(-6) - (-76)/12. Let v(j) = j + 9. Let m be v(u). Suppose 3*y - 56 = -4*y. What is the highest common factor of y and m?
8
Suppose -1754 + 7955 = 9*m. Calculate the greatest common factor of 53 and m.
53
Let x be 1*-8*(-85)/2. Let b be 2*((-9)/6)/(-1). Suppose -340 = -2*o - 5*g, -o + b*o - g - x = 0. Calculate the highest common factor of o and 68.
34
Let k be (-1 + 32)/(8/(-32)). Let z be (14/(-4) - -5)/((-6)/k). What is the greatest common divisor of z and 341?
31
Suppose -3*n + 4 = -7*n. Let l = n - -3. Let g = -468 - -486. Calculate the greatest common factor of g and l.
2
Suppose 48951 = 43*n + 6*n. What is the greatest common factor of 3 and n?
3
Suppose -10*c + 451 - 121 = 0. What is the greatest common divisor of 77 and c?
11
Suppose 2*g - 128 = 3*i + 31, 77 = g - i. Suppose -2*l - 216 = -4*l. Let d = l - g. What is the highest common factor of 4 and d?
4
Suppose 0 = -3*j + 52 + 80. Let l be (j - 4) + -1 + 3. Suppose -2*i = -2*y + 62, -2*i + 109 = 4*y - i. What is the highest common factor of y and l?
14
Let n(l) = -l**3 + 4*l**2 + 24*l - 16. Let w be n(7). Calculate the highest common factor of 65 and w.
5
Let c = 931 - 531. Calculate the greatest common divisor of c and 10.
10
Suppose -2*i - 4*h = -1028, i = 2*h + 31 + 463. Calculate the highest common factor of i and 63.
63
Let v(q) = 10*q**2 + 40*q + 21. Let c(k) = 3*k**2 + 13*k + 7. Let u(r) = 7*c(r) - 2*v(r). Let j be u(-11). Calculate the greatest common factor of 1 and j.
1
Let i = 80 - 78. Suppose 0 = 4*u + i*z - 8, 0 = 2*u - u + z - 2. What is the greatest common factor of u and 30?
2
Let w be (10/3)/(3*(-3)/(-54)). Suppose q = -w + 174. Calculate the greatest common divisor of 14 and q.
14
Suppose -4*m + 3*n + 162 - 59 = 0, -m = 5*n - 43. Let f = m - 20. What is the highest common factor of 8 and f?
8
Let k be (63 + -163)*(-18)/5. What is the highest common divisor of k and 72?
72
Let g(w) be the third derivative of -w**4/24 + 7*w**3/6 + w**2. Let n be g(6). Let y = 111 + -109. What is the highest common divisor of y and n?
1
Let y = -30 - -27. Let p(w) be the third derivative of -17*w**4/8 + w**3/3 + w**2. Let k be p(y). What is the highest common factor of 62 and k?
31
Suppose 0 = 325*y - 320*y - 60. What is the greatest common factor of y and 3?
3
Let a = -3 + 28. What is the greatest common factor of 25 and a?
25
Let s = 4 - 2. What is the greatest common divisor of 18 and s?
2
Suppose j + 44 - 17 = 0. Let b = j + 41. What is the highest common divisor of 42 and b?
14
Suppose s - 4*w - 10 = -s, -5*s - 3*w = -51. Let p = 9 - s. Suppose 6*m + n - 66 = m, -m + n + 12 = p. What is 